. Calculate u(29).
24
Let o(d) = d**2 - 19*d + 27. Calculate o(6).
-51
Let l(k) = k**3 + 28*k**2 - 60*k - 51. Determine l(-30).
-51
Let z(s) = -54*s - 530. What is z(-13)?
172
Let c(f) = f**3 - 37*f**2 - 126*f - 32. Give c(40).
-272
Let f(a) = -a**3 + 52*a**2 + 919*a + 353. What is f(66)?
23
Let i(l) = -l**3 - 45*l**2 + 72*l - 609. Calculate i(-47).
425
Let h(a) = -2*a**2 + 20*a - 2. What is h(8)?
30
Let z(q) = 277*q - 6366. Calculate z(23).
5
Let c(w) = -11*w**3 - 36*w + 33. Calculate c(1).
-14
Let m(b) = -2*b**2 + 466*b - 913. Give m(2).
11
Let j(s) = -332*s + 1925. Determine j(6).
-67
Let c(k) = 11*k**2 + 158*k + 37. What is c(-14)?
-19
Let a(h) = 14261*h. Give a(0).
0
Let u(h) = -h**3 + 14*h**2 + 12*h + 33. What is u(15)?
-12
Let r(z) = -z**2 - 100*z + 2844. Calculate r(23).
15
Let d(u) = -10*u**3 + 95*u**2 + 48*u + 20. Calculate d(10).
0
Let f(p) = 8*p - 619. Determine f(-65).
-1139
Let v(u) = -u**2 + 2*u + 5. Give v(6).
-19
Let z(x) = 3*x**2 + 8*x + 18. Determine z(-4).
34
Let f(l) = -16141*l + 193689. Give f(12).
-3
Let o(j) = 9*j**2 + 54*j + 51. Determine o(-5).
6
Let w(y) = -9*y**2 - 122*y + 625. Give w(5).
-210
Let f(p) = 350*p - 677. What is f(3)?
373
Let u(r) = -26*r**3 + 112*r**2 - 34*r + 14. Determine u(4).
6
Let a(o) = o**3 + 13*o**2 - 18*o + 199. Give a(-15).
19
Let v(j) = 14*j**2 - 326*j + 1892. Determine v(11).
0
Let t(o) = 8*o**2 + 50*o + 22. Give t(-6).
10
Let h(n) = -1494*n + 5974. Calculate h(4).
-2
Let a(t) = 3*t**3 + 26*t**2 + 147*t - 172. Calculate a(1).
4
Let r(y) = -4*y**3 - 15*y**2 + 12*y + 28. Calculate r(-4).
-4
Let n(q) = 334*q - 13954. Give n(42).
74
Let m(l) = 15*l**2 + 395*l - 22. What is m(-27)?
248
Let z(w) = w**3 + 4*w**2 - 65*w - 1. Determine z(-5).
299
Let s(k) = 14*k**2 - 1121*k + 29. Calculate s(80).
-51
Let n(g) = 15*g**3 - 108*g**2 + 20*g + 1. Calculate n(7).
-6
Let o(g) = g**2 + 821*g - 12545. Give o(15).
-5
Let l(x) = -129*x - 3. Calculate l(-1).
126
Let h(s) = 265*s - 1448. Determine h(5).
-123
Let d(f) = -f**3 - 6*f**2 + f - 108. What is d(-8)?
12
Let h(g) = -17*g - 1884. What is h(-105)?
-99
Let q(t) = -t**3 - 43*t**2 - 411*t - 62. Give q(-14).
8
Let z(j) = 5*j**3 + 37*j**2 + 64*j + 403. What is z(-7)?
53
Let x(y) = y**3 + 61*y**2 + 2*y + 102. Give x(-61).
-20
Let j(m) = -4*m**2 - 353*m + 378. Determine j(-87).
813
Let v(b) = -b**3 - 2*b**2 + 39*b - 160. Give v(0).
-160
Let g(i) = 5*i**2 - 22*i + 17. What is g(1)?
0
Let t(b) = -502*b - 1038. Determine t(-2).
-34
Let g(r) = r**3 + 50*r**2 + 150*r + 4943. Calculate g(-49).
-6
Let a(z) = 2*z + 15. Calculate a(-13).
-11
Let y(q) = -q**2 - 10*q - 17. Determine y(-9).
-8
Let q(i) = 41*i**2 - 62*i + 25. Determine q(1).
4
Let p(i) = 5*i**3 - 3*i**2 - 27*i - 5. What is p(-6)?
-1031
Let z(o) = -o**3 - 6*o**2 + 31*o + 275. What is z(-8)?
155
Let d(a) = a**3 + 9*a**2 - 16*a - 130. Calculate d(-13).
-598
Let r(b) = b**2 - 25*b + 175. Calculate r(16).
31
Let j(y) = 27*y - 507. What is j(17)?
-48
Let k(j) = -5*j**3 + 7*j**2 - 81*j + 265. Calculate k(3).
-50
Let w(n) = -3*n**2 + 208*n + 2284. Give w(79).
-7
Let x(y) = y**3 + 19*y**2 - 36*y + 131. Determine x(-21).
5
Let k(l) = l**3 + 30*l**2 - 19*l - 565. Give k(-30).
5
Let i(x) = 5*x - 42. Calculate i(2).
-32
Let k(h) = 5*h**3 + 3*h**2 - 7*h + 6. Calculate k(2).
44
Let a(v) = -125*v + 24487. Determine a(196).
-13
Let g(k) = 2*k**3 + 83*k**2 - 80*k - 1602. Determine g(-42).
-6
Let r(o) = 327*o - 8829. Give r(27).
0
Let z(r) = 255*r - 12491. Give z(49).
4
Let s(h) = 19*h**2 + 16*h - 34. Give s(2).
74
Let j(y) = -16*y**2 - 54*y + 207. What is j(4)?
-265
Let m(o) = -20*o + 83. Give m(5).
-17
Let o(p) = -2*p**2 + 202*p - 1990. Calculate o(90).
-10
Let s(q) = 547*q + 29501. Give s(-54).
-37
Let s(f) = -6*f**2 + 174*f - 966. Give s(22).
-42
Let g(i) = -3*i**3 - 10*i**2 + 46*i + 10. Calculate g(-6).
22
Let y(n) = n**3 - 14*n**2 + 4*n + 42. Give y(13).
-75
Let d(u) = 13*u**2 - 13*u - 2. Calculate d(-2).
76
Let u(l) = -23*l - 1717. What is u(-75)?
8
Let o(f) = -7*f**3 + 7. Determine o(3).
-182
Let d(g) = g**2 - 17*g - 144. Calculate d(-7).
24
Let s(b) = 46*b**2 + 2346*b. What is s(-51)?
0
Let h(z) = 327*z - 2303. Give h(7).
-14
Let k(a) = 2*a**2 + 3*a - 56. What is k(7)?
63
Let q(z) = 106*z - 18. What is q(1)?
88
Let t(d) = -d**3 - 19*d**2 + 44*d + 880. What is t(-19)?
44
Let i(q) = -7364*q - 301914. Calculate i(-41).
10
Let z(o) = -169*o - 15351. What is z(-91)?
28
Let f(d) = 18*d - 368. Determine f(4).
-296
Let k(a) = -a**3 + 2*a**2 - 15*a + 43. Give k(4).
-49
Let d(c) = 2*c**2 + 1009*c - 3033. Determine d(3).
12
Let u(h) = h**3 + 87*h**2 + 253*h + 96. Give u(-84).
12
Let t(g) = -g**2 + 15*g + 723. Determine t(-20).
23
Let u(m) = -4510*m + 36071. Calculate u(8).
-9
Let w(j) = j**2 + 24*j + 54. What is w(-13)?
-89
Let y(v) = -2*v**3 + 23*v**2 - 7*v - 19. What is y(10)?
211
Let q(u) = -2*u**3 + 14*u**2 + 5*u + 3. Calculate q(8).
-85
Let m(s) = -s**3 - 11*s**2 + 19*s - 79. Determine m(-13).
12
Let u(r) = -93*r**3 - 9*r**2 + 17*r + 17. What is u(-1)?
84
Let h(m) = 83*m + 2450. Calculate h(-29).
43
Let h(p) = p**3 + p**2 - 206*p + 40. Give h(-15).
-20
Let p(m) = -68*m - 198. Determine p(-3).
6
Let q(r) = -3*r**2 + 3*r - 63. Calculate q(-6).
-189
Let w(y) = -y**2 + 28*y - 182. Determine w(10).
-2
Let x(t) = -223*t - 48379. What is x(-217)?
12
Let v(d) = 2*d**3 + 15*d**2 + 6*d + 107. Give v(-8).
-5
Let x(r) = -r**3 - 15*r**2 + r + 35. Determine x(-16).
275
Let s(z) = 2682*z - 2760. What is s(1)?
-78
Let v(u) = -2*u**2 + 47*u - 14. Give v(11).
261
Let i(m) = -m**3 - 21*m**2 + 24*m - 85. What is i(-22)?
-129
Let q(p) = -8*p**2 + 69*p + 2. Determine q(9).
-25
Let m(g) = 4*g - 393. Determine m(32).
-265
Let z(o) = -6*o**3 + 2*o**2 - 2*o - 11. Calculate z(0).
-11
Let o(g) = 206*g + 4791. Give o(-23).
53
Let b(h) = 23*h**2 + 72*h - 143. What is b(2)?
93
Let i(d) = -92*d + 2585. Calculate i(28).
9
Let j(r) = 46*r - 3038. Determine j(66).
-2
Let k(h) = -180*h + 36. Calculate k(1).
-144
Let m(h) = -66*h - 673. Give m(-10).
-13
Let x(p) = 5*p**3 - 136*p**2 + 25*p - 21. Determine x(27).
-75
Let h(w) = -682*w - 2743. What is h(-4)?
-15
Let g(y) = 4*y**2 + 192*y - 206. What is g(-49)?
-10
Let j(d) = d**3 + 6*d**2 - 18*d - 69. Calculate j(-7).
8
Let f(j) = 85*j + 627. Calculate f(-8).
-53
Let o(a) = 3*a**2 - 27*a + 144. Give o(10).
174
Let b(n) = 163*n - 11606. What is b(71)?
-33
Let l(f) = 1235*f + 113623. Give l(-92).
3
Let m(j) = -2*j**3 - 4*j**2 + 20*j + 1. Give m(-6).
169
Let z(b) = -2*b**2 - 29*b + 337. What is z(8)?
-23
Let s(k) = -13*k**2 + 1768*k - 30. Give s(136).
-30
Let j(o) = o**3 - 13*o**2 - 29*o + 309. What is j(14)?
99
Let t(x) = -3*x + 117. Determine t(36).
9
Let b(h) = -22*h**3 - 50*h**2 + 151*h - 10. Determine b(-4).
-6
Let t(y) = -y**3 - 25*y**2 + 26*y - 38. What is t(-26)?
-38
Let w(c) = 42*c**2 + 5*c + 16. Calculate w(-2).
174
Let t(l) = 4*l - 286. Give t(53).
-74
Let m(g) = g**3 + 25*g**2 - 51*g + 74. Determine m(-27).
-7
Let a(u) = 70*u + 9. Calculate a(1).
79
Let x(h) = -11*h + 229. Give x(-37).
636
Let c(o) = 99*o - 1481. Give c(15).
4
Let y(x) = x**3 + 8*x**2 - 25*x - 146. What is y(-8)?
54
Let n(x) = 3*x**2 - 4*x + 20. Calculate n(1).
19
Let g(n) = n**3 - 8*n**2 - 80*n + 6. What is g(-7)?
-169
Let k(i) = i**3 + 9*i**2 + 29*i + 137. Calculate k(-7).
32
Let h(j) = -2*j**3 - 22*j**2 - 55*j + 71. Give h(-5).
46
Let w(v) = -v**2 + 28*v + 97. Give w(33).
-68
Let u(t) = 8*t**3 - 3*t**2 - 10. Calculate u(-3).
-253
Let o(d) = -d**3 + 71*d**2 - 75*d + 337. Determine o(70).
-13
Let w(t) = 6*t**2 + 25*t + 33. Calculate w(-5).
58
Let l(v) = v**3 + 7*v**2 - 100*v - 30. Calculate l(-14).
-2
Let k(o) = 34*o**2 + 270*o - 6. Calculate k(-8).
10
Let t(n) = 2*n**3 + 5*n**2 + 66*n - 87. What is t(0)?
-87
Let x(m) = -m**2 - 7*m - 5. Determine x(-7).
-5
Let o(l) = 69*l - 4131. Determine o(60).
9
Let o(b) = -b**3 - 45*b**2 - 34*b + 404. Calculate o(-44).
-36
Let p(r) = 196*r**2 - 119*r + 118. What is p(1)?
195
Let m(l) = 1715*l - 8589. Calculate m(5).
-14
Let k(s) = 16*s + 1034. Determine k(-61).
58
Let i(k) = -8*k**2 + 13*k + 28. Give i(-5).
-237
Let u(s) = -s**3 + 11*s**2 + 312*s + 74. Calculate u(24).
74
Let z(b) = 13*b**2 + 6*b - 9. Calculate z(2).
55
Let k(j) = -15465*j + 15474. Calculate k(1).
9
Let z(x) = 2*x**2 + 124*x + 3